 by 13.
12
Suppose -18 = 4*w - 13*w. What is the remainder when 3 is divided by w?
1
Let t = -22 + 38. What is the remainder when -2 + 62 - (-1 + -1) is divided by t?
14
Let d(k) = -10*k - 15. What is the remainder when 8 is divided by d(-2)?
3
Let r(y) be the third derivative of 0*y - 4/3*y**3 - 2*y**2 - 5/24*y**4 + 0. What is the remainder when r(-6) is divided by 8?
6
Let z = -2 + 5. Let q(r) = -r**2 + 5*r - 3. What is the remainder when 9 is divided by q(z)?
0
Suppose 3*i - 108 = 4*k, -k + 72 = 2*i - 2*k. Suppose 3*m + i = 7*m. Let d = 22 - -4. Calculate the remainder when d is divided by m.
8
Let m = 32 + -3. Let b(x) = x**3 - 8*x**2 + 9*x - 6. What is the remainder when m is divided by b(7)?
5
Let c be 89/6 + (-2)/(-12). Let o = 3 + c. What is the remainder when 52 is divided by o?
16
Calculate the remainder when 1/(2/(-8))*(-589)/76 is divided by 17.
14
Let y = 49 + -27. Let g(i) = i**3 + 3*i**2 - 6*i - 3. Let s be g(-4). Calculate the remainder when y is divided by (5 - (2 + 0)) + s.
6
Let k(s) = 3*s**2 + 3. Calculate the remainder when k(-2) is divided by 6.
3
Suppose -q = -0*q + l, 2*l = 0. Suppose q*a = -5*a + 25. Suppose 2*n = a*n - 3*o - 27, 4*o + 32 = 3*n. What is the remainder when n is divided by 2?
0
Suppose 5*j + j = 90. Calculate the remainder when j is divided by 11.
4
Suppose 15*q - 20*q + 15 = 0. Let c(g) = 11*g**3 - 2*g**2 + g. What is the remainder when c(1) is divided by q?
1
Suppose 3*s - 105 = -5*i + 273, -72 = -i + 3*s. Suppose -i = -0*o - 3*o. What is the remainder when o is divided by 9?
7
Suppose -m + 6*m - 530 = 0. Let w = m - 44. Calculate the remainder when w is divided by 16.
14
Let l(a) = 4*a**2 - 5*a + 4. Calculate the remainder when l(3) is divided by 7.
4
Suppose 2*z + 56 = m, 4*m = 4*z + m + 108. Let v = z - -42. Calculate the remainder when 47 is divided by v.
11
Let h(k) = -14*k - 3. What is the remainder when 114 is divided by h(-3)?
36
Let l(c) = -2*c - 6*c - 6 + 1 + 0. What is the remainder when l(-8) is divided by 15?
14
Let g be (-1 + -1)/((-4)/14). Suppose -2*b = -5*b. Let o = g - b. Calculate the remainder when 20 is divided by o.
6
Let u = -48 + 88. Calculate the remainder when 159 is divided by u.
39
Let l be 10/3 - (-5)/(-15). Suppose -l*o - o + 40 = 0. Suppose -u + o + 1 = 0. Calculate the remainder when 32 is divided by u.
10
Suppose b - 110 = -4*b. Calculate the remainder when 63 is divided by b.
19
What is the remainder when 0 + 9 + -4 + 2 is divided by 4?
3
Let j = -38 - -57. Calculate the remainder when 4 + -3 - (153/(-3) - 3) is divided by j.
17
Let u be 4/2 + 0/(-4). Suppose 4 = 3*i - u. Calculate the remainder when (i/3)/((-2)/(-48)) is divided by 6.
4
Suppose -24 = 4*p - 2*w, -2*p - 5*w = 18 - 6. What is the remainder when (8/(-6))/(2/p) is divided by 5 + -1 + (-3 - -1)*1?
0
Let c be (-9)/(-4) + (-3)/12. Let q be (2/4)/(c/(-28)). What is the remainder when (-215)/q + (-4)/(-14) is divided by 11?
9
Let o(s) = 2*s - 4. Let p(l) = -1. Let m(b) = o(b) - 2*p(b). What is the remainder when ((-12)/9)/2*-9 is divided by m(3)?
2
Let m = -5 - -10. Suppose s - 6*s + 3*o - 10 = 0, -2*o + 10 = -m*s. What is the remainder when 9 is divided by (-10)/s - (1 - 0)?
1
Suppose 5*o = 24 - 4. What is the remainder when 14 is divided by o?
2
Suppose 3*u + 2 = 8. What is the remainder when 7 is divided by 6/u - 2 - -1?
1
Let j(t) = -t - 1. Let b be j(-5). Let s = -84 + 132. Suppose 0 = -b*h + s. Calculate the remainder when 35 is divided by h.
11
Suppose -5*g + 12 = -2*g. Suppose g = -n + 18. What is the remainder when 54 is divided by n?
12
Let y = 15 + 2. Suppose 6*t + 8 - 38 = 0. What is the remainder when y is divided by t?
2
What is the remainder when 23 is divided by 3*2*(-40)/(-30)?
7
Let w(h) = -2*h. What is the remainder when 68 is divided by w(-7)?
12
Suppose -g = -3*g. Suppose 0 = 2*o + 14 - 68. Suppose g = 5*u - o - 28. What is the remainder when u is divided by 6?
5
Suppose -140 + 36 = -4*g. What is the remainder when 75 is divided by g?
23
Calculate the remainder when 26 - 1*(0 - 1)*0 is divided by 9.
8
Let x = 11 - 6. What is the remainder when x is divided by 2*(3 - 2)*1?
1
Let h = -29 - -44. Suppose l - 125 = -4*l. Let r = l - 17. What is the remainder when h is divided by r?
7
Let b(s) = -s + 8. Let z(o) = -o**2 - 4*o + 2. Calculate the remainder when z(-4) is divided by b(7).
0
Suppose 4*r - 4*c - 68 = 0, -5*c - 7 = -0*r + r. Suppose -r = -4*z - 1. Calculate the remainder when (-9 - -1)*(-1)/1 is divided by z.
2
Let i(s) = -s**2 - 7*s - 8. Let l be i(-6). Calculate the remainder when 13 is divided by (2/(-4))/(l/28).
6
Let w(t) = -2*t - 6. Let x be w(-4). Suppose 3*o = 4*s - 133, -175 = x*s - 7*s - 5*o. Let q = 29 - 11. Calculate the remainder when s is divided by q.
16
Suppose -16 + 5 = q. Let y = -7 - q. Suppose -y*n = n - 145. What is the remainder when n is divided by 8?
5
Suppose 3*a + 4*q + 1 = 23, -25 = -5*a + 5*q. Suppose -3 = -5*w - 0*o - 3*o, -o = w + 1. What is the remainder when a is divided by w?
0
Suppose 0*u = 2*u + 3*b - 32, 2*b = u - 16. Let k(s) = s**2 - 11*s - 17. Calculate the remainder when u is divided by k(13).
7
Suppose 4*r + 16 = 2*r. Let b = r - -25. Suppose 5*z - 60 - b = -3*k, 5*k - 20 = 0. What is the remainder when z is divided by 4?
1
Suppose 0*x - x - 2 = 4*i, -2*i = x - 8. What is the remainder when 70 is divided by x?
16
Suppose -2*f - 40 = -7*f. Calculate the remainder when 87 is divided by f.
7
Let z = -453 + 480. Suppose 26 = v - 4*f, -4*f + 34 = 5*v - 0*v. Calculate the remainder when z is divided by v.
7
Suppose h + 5 = -0*h. Let v(c) = -c**3 + 0*c - 5*c - 3 + 5*c - 3*c**2. What is the remainder when v(h) is divided by 16?
15
Let x(s) be the third derivative of s**5/60 - 7*s**4/24 - s**3 + s**2. Calculate the remainder when x(9) is divided by 5.
2
Let w = 24 + -13. What is the remainder when w is divided by (2 - 4)/(2/(-4))?
3
Let z = -94 - -164. Calculate the remainder when z is divided by 19.
13
Suppose 0 = -5*g + 67 - 12. Suppose -2*c - 4*r - 1 - g = 0, 0 = c - 5*r - 29. Let d = -530 - -536. What is the remainder when d is divided by c?
2
Suppose -5*c + 2*g + 61 = g, g = c - 13. Suppose -2*a - 3*a - 4*u = -31, -5*u - c = -a. Calculate the remainder when a is divided by -1*2 + (0 - -6).
3
Let l = -75 + 53. Let z = -10 - l. Calculate the remainder when 35 is divided by z.
11
Let k be (-8)/(-20)*60/4. Let p(t) = -t + 9. Calculate the remainder when 3 is divided by p(k).
0
Let t = 4 + -45. Let m = t + 57. Calculate the remainder when m is divided by 9.
7
Suppose -2*i + 3*i = -4*r + 494, -r - 3*i + 118 = 0. Calculate the remainder when r is divided by 18.
16
Let f be 1*(0/(-1) + 2). Suppose -2*p + 3*t + 29 = 0, f*t - 6 = -0*t. Suppose z + 0*z = p. Calculate the remainder when z is divided by 10.
9
Suppose 5*y = -3*y + 80. Calculate the remainder when y is divided by 6.
4
Let q be -1*(-4 + (-2 - -3)). Suppose 2 = g + q. Calculate the remainder when ((-3)/(-6))/(g/(-94)) is divided by 16.
15
Suppose 3*g - 98 = 5*v, 72 = v - 5*v + 4*g. Let n = 54 + v. Calculate the remainder when n is divided by (3/3)/(1/11).
10
Let q be (-18)/4*(-28)/6. Suppose c - n = 2*c - q, 4*c - 99 = n. What is the remainder when c is divided by 13?
11
Let m be (3 - -1) + -1 + 2. Suppose 3*w - 2*w - b = 5, 25 = m*w - 2*b. What is the remainder when 17 is divided by w?
2
Let r(v) = v**2 + v + 21. Suppose 4*l - 9*l + 30 = 0. What is the remainder when r(0) is divided by l?
3
Let l be 3 + -1 + (4 - 11). Let z = l + 4. Calculate the remainder when 6 is divided by (0 - 5*-1) + z.
2
Let i(p) = 4 + 0*p**2 + 3*p**3 + 4*p - p**2 + 5*p**2. Let g(s) = s**3 + 1. Let a(w) = 4*g(w) - i(w). Calculate the remainder when 13 is divided by a(5).
3
Suppose 4*c - 6 = -18, 0 = 2*t - 3*c - 95. Let r = t - 25. Calculate the remainder when r is divided by 7.
4
Suppose -7*x + 2*x = 4*u - 219, 2*u = 3*x + 115. Let a = -19 + -15. Let c = a + u. What is the remainder when c is divided by 12?
10
Suppose 5*s - 2*s - 21 = 0. What is the remainder when s is divided by 3?
1
Let x = 24 - 16. What is the remainder when 13 is divided by x?
5
Let n(k) = 9*k**3 - k + 2. Let t be n(3). What is the remainder when t/4 + 3/6 is divided by 21?
19
What is the remainder when (4/4)/(1/26) is divided by 14?
12
Let w be ((-6